.
1
Let b(h) = -h**3 + 20*h**2 - 55*h + 41. Give b(17).
-27
Let m(c) = 55*c - 45. What is m(2)?
65
Let u(b) = b**3 - 161*b**2 + 168*b - 1296. Determine u(160).
-16
Let f(b) = 155*b + 924. Calculate f(-6).
-6
Let a(x) = 17*x - 791. Calculate a(46).
-9
Let c(o) = 199*o + 3149. Give c(-16).
-35
Let p(z) = -6*z + 99. What is p(13)?
21
Let g(w) = w**3 - 43*w**2 + 9*w - 303. Calculate g(43).
84
Let q(m) = -105*m - 2196. Give q(-21).
9
Let q(l) = -l**2 - 566*l - 3922. Give q(-7).
-9
Let t(u) = 19*u - 177. Calculate t(11).
32
Let j(c) = 1177*c + 8257. Calculate j(-7).
18
Let w(j) = -86*j - 1125. Determine w(-13).
-7
Let g(a) = 4*a**2 - 4327*a - 8654. Determine g(-2).
16
Let n(s) = 434*s - 27341. Calculate n(63).
1
Let z(l) = -10595*l - 243686. What is z(-23)?
-1
Let z(q) = -3*q**2 - 113*q + 143. Calculate z(-39).
-13
Let w(f) = 116*f - 1521. Determine w(13).
-13
Let g(y) = 2983*y + 2974. What is g(-1)?
-9
Let w(d) = -327*d - 633. Calculate w(-2).
21
Let b(q) = -11*q**2 - 7*q - 17. What is b(0)?
-17
Let k(m) = m**3 - 7*m**2 - 5*m + 85. Determine k(5).
10
Let i(c) = -13*c**3 + c**2 + 3*c + 24. Determine i(0).
24
Let x(r) = 69*r + 268. Determine x(-4).
-8
Let i(n) = -22*n**2 - 24*n - 43. Determine i(-5).
-473
Let d(f) = -f**3 + 217*f**2 + 2509*f - 234. Give d(228).
-6
Let a(h) = -h**3 + 180*h**2 - 40*h + 7203. Calculate a(180).
3
Let g(m) = m**3 + 17*m**2 - 25*m - 124. Determine g(-17).
301
Let f(x) = -x**3 + 26*x**2 - 4*x - 12. Determine f(0).
-12
Let t(b) = -5*b**3 - 43*b**2 + 3*b + 3. Give t(-8).
-213
Let o(m) = -18*m + 221. Give o(0).
221
Let s(k) = k**3 + 43*k**2 + 39*k - 135. What is s(-42)?
-9
Let v(o) = -99*o + 325. Calculate v(5).
-170
Let k(i) = 148*i - 35791. Give k(242).
25
Let x(z) = -15*z**3 - 19*z**2 - 10*z - 3. Give x(-2).
61
Let c(i) = i**2 + 9*i - 398. Determine c(-24).
-38
Let r(t) = -152*t + 6247. Calculate r(41).
15
Let p(c) = -c**3 + 7*c**2 + 66*c + 25. Calculate p(11).
267
Let b(r) = 2*r**3 - r**2 - 4*r + 2. Determine b(2).
6
Let j(s) = -5*s + 175. Determine j(9).
130
Let g(p) = -p**3 - 63*p**2 + 176*p - 1476. Give g(-66).
-24
Let y(j) = -33*j + 1167. Calculate y(40).
-153
Let p(t) = 8*t**2 + 401*t - 147. What is p(-51)?
210
Let s(k) = -321*k - 1125. What is s(-5)?
480
Let u(b) = 6*b - 103. Give u(0).
-103
Let u(a) = -45*a**3 + 5*a**2 - 4*a + 1. Calculate u(1).
-43
Let s(p) = 2*p**2 - 46*p + 56. Calculate s(21).
-28
Let f(c) = 2*c**3 + 10*c**2 + 15*c + 7. Give f(-5).
-68
Let q(o) = 2633*o + 65829. Determine q(-25).
4
Let q(y) = -y**3 + 26*y**2 - 63*y + 958. Calculate q(25).
8
Let f(d) = -d**2 - 5472*d - 28. Determine f(0).
-28
Let u(y) = y**3 - 18*y**2 + 7*y + 9. Determine u(18).
135
Let v(n) = -n**3 - 13*n**2 - 32*n - 231. What is v(-12)?
9
Let t(h) = 154*h - 2335. What is t(15)?
-25
Let m(k) = 106*k - 4129. Determine m(39).
5
Let h(v) = 174*v + 1772. Calculate h(-10).
32
Let j(f) = -4*f**3 + 44*f**2 + 13*f - 124. What is j(11)?
19
Let u(n) = -26*n**3 + n**2 - 5*n + 9. What is u(2)?
-205
Let p(f) = 2*f**3 - 25*f - 34. Give p(-7).
-545
Let o(t) = -82*t - 583. Give o(-10).
237
Let g(z) = z**3 + z**2 + 9*z + 6. Calculate g(0).
6
Let p(t) = -t**3 + 29*t**2 + 27*t + 87. Give p(30).
-3
Let i(h) = 104*h + 100. Determine i(-1).
-4
Let y(g) = 43*g + 971. Give y(-18).
197
Let v(l) = l**2 - 23*l + 164. Determine v(12).
32
Let s(r) = -r**3 - 254*r**2 - 4463*r + 477. Determine s(-235).
7
Let i(m) = -13*m**3 - 234*m**2 + 11*m + 192. Give i(-18).
-6
Let g(a) = -34*a + 41. Calculate g(1).
7
Let v(w) = -260*w - 7013. Calculate v(-27).
7
Let c(m) = 2*m**2 + 9*m - 20. What is c(-6)?
-2
Let k(f) = -2*f**3 - 47*f**2 + 41*f + 1472. Determine k(-23).
0
Let h(z) = -2*z**2 + 142*z + 911. Calculate h(77).
-13
Let t(z) = -9*z**2 - 155*z + 8. Determine t(-12).
572
Let o(x) = -68*x + 615. Give o(9).
3
Let a(o) = -3*o**2 - 41*o + 229. Determine a(-18).
-5
Let w(q) = -107*q + 637. Calculate w(6).
-5
Let k(f) = f**2 + 29*f + 314. Calculate k(-27).
260
Let d(h) = -h**2 - 103*h + 3217. What is d(-128)?
17
Let t(o) = -7*o - 129. Give t(13).
-220
Let r(w) = -7*w**2 + 72*w - 21. Give r(10).
-1
Let w(l) = -18*l - 1557. Determine w(-86).
-9
Let x(t) = -t**3 - 3*t**2 - 39*t - 755. Calculate x(-9).
82
Let u(o) = -o**3 + 19*o**2 - 2*o + 63. What is u(19)?
25
Let q(y) = -3*y**2 - 33*y + 120. Give q(3).
-6
Let l(b) = -90*b - 16476. Determine l(-183).
-6
Let j(s) = -s**3 + 39*s**2 - 9*s + 60. Determine j(39).
-291
Let j(x) = -x**2 + 41*x - 13. Calculate j(39).
65
Let n(h) = h**3 + 19*h**2 + 30*h + 558. Determine n(-19).
-12
Let u(k) = 7*k**2 - 22*k - 12. Determine u(4).
12
Let a(n) = -67*n**3 - 3*n**2 + 1021*n + 1022. Give a(-1).
65
Let f(h) = 42*h**2 + 69*h - 3. Determine f(-3).
168
Let w(o) = 392*o - 3161. Calculate w(8).
-25
Let l(x) = 16*x**2 + 30*x - 62. Determine l(2).
62
Let g(j) = -49*j + 940. What is g(26)?
-334
Let q(y) = 62*y - 434. What is q(6)?
-62
Let i(h) = 3*h**2 + 24*h - 620. Determine i(-19).
7
Let y(p) = p**2 - 45*p + 70. Determine y(41).
-94
Let z(x) = -38*x**2 + 947*x + 19. Calculate z(25).
-56
Let c(y) = -y**3 - 5*y**2 + 2532*y + 12686. Determine c(-5).
26
Let n(l) = -9*l**3 - 13*l + 6. Determine n(-3).
288
Let o(k) = -21*k + 214. Calculate o(8).
46
Let h(f) = -f**3 + 10*f**2 + 37*f + 35. Calculate h(13).
9
Let d(f) = 29*f - 189. What is d(6)?
-15
Let i(j) = j**2 + 38*j + 60. What is i(-35)?
-45
Let c(u) = -10*u**3 + 5*u**2 + 6*u. Calculate c(3).
-207
Let g(v) = -v + 56. What is g(29)?
27
Let w(u) = u**3 + 5*u**2 + 2*u - 32. Calculate w(0).
-32
Let i(n) = -4*n - 169. Give i(-37).
-21
Let f(r) = -3398*r + 10196. Calculate f(3).
2
Let m(g) = g**3 - 51*g**2 + 6. What is m(51)?
6
Let x(a) = 2*a**3 + 3*a**2 - 16*a + 19. Determine x(3).
52
Let p(q) = q**2 - 2*q - 120. Give p(14).
48
Let y(w) = -846*w + 8. What is y(0)?
8
Let t(u) = 146*u - 3675. What is t(25)?
-25
Let d(o) = o**2 + 86*o + 248. Calculate d(-83).
-1
Let c(q) = -328*q**2 + 983*q - 46. What is c(3)?
-49
Let g(r) = r**2 - r - 29. Determine g(14).
153
Let p(s) = 6*s + 64. Determine p(-5).
34
Let g(d) = 4*d**2 + 67*d + 288. Calculate g(-12).
60
Let p(u) = 111*u - 1078. What is p(9)?
-79
Let u(v) = -34*v + 220. Give u(8).
-52
Let c(j) = 25*j + 166. Determine c(-5).
41
Let o(a) = -a**3 - 60*a**2 - 180*a - 132. What is o(-2)?
-4
Let w(a) = a**2 - 4*a - 4. Determine w(-5).
41
Let n(h) = -2*h**3 + h**2 + 233*h - 704. Give n(3).
-50
Let s(n) = 8*n**2 + 92*n - 21. What is s(0)?
-21
Let o(b) = -b**3 + 2*b**2 + 6*b + 5. Give o(-2).
9
Let w(u) = -5*u**2 + 35*u + 129. What is w(-7)?
-361
Let p(t) = t**2 + 25*t - 243. Calculate p(-31).
-57
Let y(x) = -10*x**2 + 21*x + 6. What is y(6)?
-228
Let k(q) = -124*q + 3327. What is k(27)?
-21
Let l(p) = -17*p**2 + 89*p + 8. Determine l(6).
-70
Let j(t) = t**3 - 65*t**2 + 66*t - 63. Calculate j(64).
65
Let m(v) = v**2 + 74*v - 475. Calculate m(6).
5
Let x(g) = 4*g**2 + 106*g + 573. Calculate x(-6).
81
Let x(n) = -n**2 - 27*n - 22. Calculate x(-19).
130
Let c(f) = 901*f + 69360. Calculate c(-77).
-17
Let v(g) = 25*g - 13. Determine v(0).
-13
Let b(x) = -x**2 - 3*x + 8. What is b(-3)?
8
Let z(v) = -3*v**2 - 9*v - 9. Calculate z(-6).
-63
Let k(c) = 3*c**3 - 5*c**2 - 21*c + 30. Determine k(2).
-8
Let h(i) = 3*i**2 - 14*i - 214. Calculate h(-9).
155
Let s(v) = 61*v**2 + 324*v. Give s(-5).
-95
Let j(q) = 127*q + 140. Determine j(0).
140
Let k(v) = v**2 + 41*v - 684. Determine k(13).
18
Let p(s) = -172*s + 29062. What is p(169)?
-6
Let t(d) = 2*d - 15. Calculate t(-5).
-25
Let v(m) = 15*m - 857. Give v(20).
-557
Let a(p) = -3*p**3 + 6*p**2 - 87*p + 328. Determine a(4).
-116
Let s(r) = r**3 - 47*r**2 + 90*r + 350. Calculate s(45).
350
Let a(s) = 7*s**2 - 7*s - 65. Calculate a(-7).
327
Let k(s) = s**2 + 5*s - 93. Calculate k(11).
83
Let r(u) = u**3 + 6*u**2 + 53. Determine r(-7).
4
Let k(p) = 75*p - 604. Calculate k(8).
-4
Let g(p) = 2*p**2 - 49*p + 277. Calculate g(10).
-13
Let a(x) = x**3 - 48*x**2 - 53*x + 203. What is a(49)?
7
Let z(n) = n**2 - 13*n - 26. Calculate z(-6).
88
Let s(j) = -j**2 - 888*j - 18209. Give s(-21).
-2
Let y(o) = 2*o**2 - 71*o - 240. Calculate y(39).
33
Let t(c) = c**2 + 18*c + 68. Give t(-5).
3
Let c(z) = -18*z - 69. Determine c(4).
-141
Let c(n) = -3*n**2 + 66*n - 126. Give c(2).
-6
Let z(n) = -2*n**3 + 3*n**2 - n + 3. What is z(4)?
-81
Let w(x) =